{"id":2741,"date":"2016-07-26T15:57:58","date_gmt":"2016-07-26T14:57:58","guid":{"rendered":"http:\/\/sea-solucoes.com\/site\/?page_id=2741"},"modified":"2021-10-18T18:13:41","modified_gmt":"2021-10-18T17:13:41","slug":"orcamento-online","status":"publish","type":"page","link":"https:\/\/sea-solucoes.com\/site\/orcamento-online\/","title":{"rendered":"Pe\u00e7a o seu or\u00e7amento gratuito &#8211; Ades\u00e3o ONLINE"},"content":{"rendered":"<h3><strong>CONDI\u00c7\u00d5ES DE ADES\u00c3O:<\/strong><br \/>\nPreencha este formul\u00e1rio para lhe podermos enviar um or\u00e7amento adequado \u00e0 sua empresa<\/h3>\n<h4><span style=\"color: #ff0000;\">*<\/span> campo obrigat\u00f3rio<\/h4>\n<p>&nbsp;<\/p>\n<h4><div role=\"form\" class=\"wpcf7\" id=\"wpcf7-f3917-o1\" lang=\"pt-PT\" dir=\"ltr\">\n<div class=\"screen-reader-response\"><p role=\"status\" aria-live=\"polite\" aria-atomic=\"true\"><\/p> <ul><\/ul><\/div>\n<form action=\"\/site\/wp-json\/wp\/v2\/pages\/2741#wpcf7-f3917-o1\" method=\"post\" class=\"wpcf7-form init\" novalidate=\"novalidate\" data-status=\"init\">\n<div style=\"display: none;\">\n<input type=\"hidden\" name=\"_wpcf7\" value=\"3917\" \/>\n<input type=\"hidden\" name=\"_wpcf7_version\" value=\"5.3.1\" \/>\n<input type=\"hidden\" name=\"_wpcf7_locale\" value=\"pt_PT\" \/>\n<input type=\"hidden\" name=\"_wpcf7_unit_tag\" value=\"wpcf7-f3917-o1\" \/>\n<input type=\"hidden\" name=\"_wpcf7_container_post\" value=\"0\" \/>\n<input type=\"hidden\" name=\"_wpcf7_posted_data_hash\" value=\"\" \/>\n<\/div>\n<p><strong> Denomina\u00e7\u00e3o Social <span style=\"color: #ff0000;\">*<\/span><\/strong><br \/>\n    <span class=\"wpcf7-form-control-wrap your-name\"><input type=\"text\" name=\"your-name\" value=\"\" size=\"40\" class=\"wpcf7-form-control wpcf7-text wpcf7-validates-as-required\" aria-required=\"true\" aria-invalid=\"false\" \/><\/span> <\/p>\n<p><strong>Morada <span style=\"color: #ff0000;\">*<\/span><\/strong><br \/>\n    <span class=\"wpcf7-form-control-wrap textarea-219\"><textarea name=\"textarea-219\" cols=\"40\" rows=\"10\" class=\"wpcf7-form-control wpcf7-textarea wpcf7-validates-as-required\" aria-required=\"true\" aria-invalid=\"false\"><\/textarea><\/span><\/p>\n<p><strong>Concelho <span style=\"color: #ff0000;\">*<\/span><\/strong><br \/>\n    <span class=\"wpcf7-form-control-wrap localidade\"><input type=\"text\" name=\"localidade\" value=\"\" size=\"40\" class=\"wpcf7-form-control wpcf7-text\" aria-invalid=\"false\" \/><\/span><\/p>\n<p><strong>Telefone \/ telem\u00f3vel <span style=\"color: #ff0000;\">*<\/span><\/strong><br \/>\n    <span class=\"wpcf7-form-control-wrap tel-420\"><input type=\"tel\" name=\"tel-420\" value=\"\" size=\"40\" class=\"wpcf7-form-control wpcf7-text wpcf7-tel wpcf7-validates-as-required wpcf7-validates-as-tel\" aria-required=\"true\" aria-invalid=\"false\" \/><\/span><\/p>\n<p><strong>O seu email <span style=\"color: #ff0000;\">*<\/span><\/strong><br \/>\n    <span class=\"wpcf7-form-control-wrap your-email\"><input type=\"email\" name=\"your-email\" value=\"\" size=\"40\" class=\"wpcf7-form-control wpcf7-text wpcf7-email wpcf7-validates-as-required wpcf7-validates-as-email\" aria-required=\"true\" aria-invalid=\"false\" \/><\/span> <\/p>\n<p><strong>CAE <span style=\"color: #ff0000;\">*<\/span><\/strong><br \/>\n   <span class=\"wpcf7-form-control-wrap number-63\"><input type=\"number\" name=\"number-63\" value=\"\" class=\"wpcf7-form-control wpcf7-number wpcf7-validates-as-required wpcf7-validates-as-number\" aria-required=\"true\" aria-invalid=\"false\" \/><\/span> <\/p>\n<p><strong>Servi\u00e7o(s) que pretende or\u00e7amentar (Tecla Ctrl para seleccionar mais que um servi\u00e7o) <span style=\"color: #ff0000;\">*<\/span><\/strong><br \/>\n   <span class=\"wpcf7-form-control-wrap menu-513\"><select name=\"menu-513[]\" class=\"wpcf7-form-control wpcf7-select\" aria-invalid=\"false\" multiple=\"multiple\"><option value=\"\">---<\/option><option value=\"Higiene e seguran\u00e7a e sa\u00fade no trabalho\">Higiene e seguran\u00e7a e sa\u00fade no trabalho<\/option><option value=\"Higiene e seguran\u00e7a alimentar \u2013 HACCP\">Higiene e seguran\u00e7a alimentar \u2013 HACCP<\/option><option value=\"Forma\u00e7\u00e3o\">Forma\u00e7\u00e3o<\/option><option value=\"Ambiente\">Ambiente<\/option><option value=\"Licen\u00e7as\">Licen\u00e7as<\/option><option value=\"Seguran\u00e7a contra inc\u00eandios\">Seguran\u00e7a contra inc\u00eandios<\/option><option value=\"Psicologia no trabalho\">Psicologia no trabalho<\/option><option value=\"Medi\u00e7\u00f5es\">Medi\u00e7\u00f5es<\/option><option value=\"Medicina do Trabalho\">Medicina do Trabalho<\/option><\/select><\/span><\/p>\n<p><br><\/p>\n<p><strong>NIF <span style=\"color: #ff0000;\">*<\/span><\/strong><br \/>\n   <span class=\"wpcf7-form-control-wrap number-505\"><input type=\"number\" name=\"number-505\" value=\"\" class=\"wpcf7-form-control wpcf7-number wpcf7-validates-as-required wpcf7-validates-as-number\" aria-required=\"true\" aria-invalid=\"false\" \/><\/span><\/p>\n<p><br><\/p>\n<p><strong>Respons\u00e1vel a contactar <span style=\"color: #ff0000;\">*<\/span><\/strong><\/p>\n<p>Nome e contacto<br \/>\n   <span class=\"wpcf7-form-control-wrap textarea-397\"><textarea name=\"textarea-397\" cols=\"40\" rows=\"10\" class=\"wpcf7-form-control wpcf7-textarea wpcf7-validates-as-required\" aria-required=\"true\" aria-invalid=\"false\"><\/textarea><\/span><\/p>\n<p><br><\/p>\n<p><strong>N\u00ba de instala\u00e7\u00f5es <span style=\"color: #ff0000;\">*<\/span><\/strong><br \/>\n   <span class=\"wpcf7-form-control-wrap instalacoes\"><input type=\"number\" name=\"instalacoes\" value=\"\" class=\"wpcf7-form-control wpcf7-number wpcf7-validates-as-required wpcf7-validates-as-number\" aria-required=\"true\" aria-invalid=\"false\" \/><\/span><\/p>\n<p><strong>\u00c1rea das instala\u00e7\u00f5es (m2)<span style=\"color: #ff0000;\">*<\/span><\/strong><br \/>\n   <span class=\"wpcf7-form-control-wrap area\"><input type=\"text\" name=\"area\" value=\"\" size=\"40\" class=\"wpcf7-form-control wpcf7-text wpcf7-validates-as-required\" aria-required=\"true\" aria-invalid=\"false\" \/><\/span><\/p>\n<p><strong>N\u00ba de trabalhadores <span style=\"color: #ff0000;\">*<\/span><\/strong><br \/>\n   <span class=\"wpcf7-form-control-wrap trabalhadores\"><input type=\"text\" name=\"trabalhadores\" value=\"\" size=\"40\" class=\"wpcf7-form-control wpcf7-text wpcf7-validates-as-required\" aria-required=\"true\" aria-invalid=\"false\" \/><\/span><\/p>\n<p><strong>Breve descri\u00e7\u00e3o da atividade \/ observa\u00e7\u00f5es : <span style=\"color: #ff0000;\">*<\/span><\/strong><br \/>\n   <span class=\"wpcf7-form-control-wrap your-message\"><textarea name=\"your-message\" cols=\"40\" rows=\"10\" class=\"wpcf7-form-control wpcf7-textarea\" aria-invalid=\"false\"><\/textarea><\/span> <\/p>\n<p><br><\/p>\n<p><span class=\"wpcf7-form-control-wrap acceptance-861\"><span class=\"wpcf7-form-control wpcf7-acceptance\"><span class=\"wpcf7-list-item\"><label><input type=\"checkbox\" name=\"acceptance-861\" value=\"1\" aria-invalid=\"false\" \/><span class=\"wpcf7-list-item-label\">Autorizo o tratamento dos meus dados pessoais, por forma a S.E.A Business Solutions Lda contactar-me no \u00e2mbito dos servi\u00e7os comercializados.<\/span><\/label><\/span><\/span><\/span><\/p>\n<p><span class=\"wpcf7-form-control-wrap acceptance-355\"><span class=\"wpcf7-form-control wpcf7-acceptance\"><span class=\"wpcf7-list-item\"><label><input type=\"checkbox\" name=\"acceptance-355\" value=\"1\" aria-invalid=\"false\" \/><span class=\"wpcf7-list-item-label\">Aceito a pol\u00edtica de privacidade de dados da S.E.A Business Solutions Lda<\/span><\/label><\/span><\/span><\/span><\/p>\n<h5><em>Consultar a pol\u00edtica de privacidade de dados atrav\u00e9s do link dispon\u00edvel no rodap\u00e9 desta p\u00e1gina.<\/em><\/h5>\n<p><br><\/p>\n<p><input type=\"submit\" value=\"Enviar\" class=\"wpcf7-form-control wpcf7-submit\" \/><\/p>\n<p><br><br \/>\n<br><\/p>\n<div class=\"inv-recaptcha-holder\"><\/div><div class=\"wpcf7-response-output\" aria-hidden=\"true\"><\/div><\/form><\/div><\/h4>\n","protected":false},"excerpt":{"rendered":"CONDI\u00c7\u00d5ES DE ADES\u00c3O: Preencha este formul\u00e1rio para lhe podermos enviar um or\u00e7amento adequado \u00e0 sua empresa * campo obrigat\u00f3rio &nbsp; Denomina\u00e7\u00e3o Social * Morada * Concelho * Telefone \/ telem\u00f3vel * O seu email * CAE * Servi\u00e7o(s) que pretende or\u00e7amentar (Tecla Ctrl para seleccionar mais que um servi\u00e7o) * ---Higiene e seguran\u00e7a e sa\u00fade no trabalhoHigiene e seguran\u00e7a alimentar&nbsp;<a href=\"https:\/\/sea-solucoes.com\/site\/orcamento-online\/\" class=\"read-more\">Continue Reading<\/a>","protected":false},"author":1,"featured_media":0,"parent":0,"menu_order":0,"comment_status":"closed","ping_status":"closed","template":"page-fullwidth.php","meta":[],"yoast_head":"<!-- This site is optimized with the Yoast SEO plugin v15.5 - https:\/\/yoast.com\/wordpress\/plugins\/seo\/ -->\n<meta name=\"robots\" content=\"index, follow, max-snippet:-1, max-image-preview:large, max-video-preview:-1\" \/>\n<link rel=\"canonical\" href=\"https:\/\/sea-solucoes.com\/site\/orcamento-online\/\" \/>\n<meta property=\"og:locale\" content=\"pt_PT\" \/>\n<meta property=\"og:type\" content=\"article\" \/>\n<meta property=\"og:title\" content=\"Pe\u00e7a o seu or\u00e7amento gratuito - Ades\u00e3o ONLINE - SEA Solu\u00e7\u00f5es\" \/>\n<meta property=\"og:description\" content=\"CONDI\u00c7\u00d5ES DE ADES\u00c3O: Preencha este formul\u00e1rio para lhe podermos enviar um or\u00e7amento adequado \u00e0 sua empresa * campo obrigat\u00f3rio &nbsp; Denomina\u00e7\u00e3o Social * Morada * Concelho * Telefone \/ telem\u00f3vel * O seu email * CAE * Servi\u00e7o(s) que pretende or\u00e7amentar (Tecla Ctrl para seleccionar mais que um servi\u00e7o) * ---Higiene e seguran\u00e7a e sa\u00fade no trabalhoHigiene e seguran\u00e7a alimentar&nbsp;Continue Reading\" \/>\n<meta property=\"og:url\" content=\"https:\/\/sea-solucoes.com\/site\/orcamento-online\/\" \/>\n<meta property=\"og:site_name\" content=\"SEA Solu\u00e7\u00f5es\" \/>\n<meta property=\"article:publisher\" content=\"https:\/\/www.facebook.com\/seasolucoes\" \/>\n<meta property=\"article:modified_time\" content=\"2021-10-18T17:13:41+00:00\" \/>\n<meta name=\"twitter:label1\" content=\"Est. reading time\">\n\t<meta name=\"twitter:data1\" content=\"0 minutos\">\n<script type=\"application\/ld+json\" class=\"yoast-schema-graph\">{\"@context\":\"https:\/\/schema.org\",\"@graph\":[{\"@type\":\"WebSite\",\"@id\":\"https:\/\/sea-solucoes.com\/site\/#website\",\"url\":\"https:\/\/sea-solucoes.com\/site\/\",\"name\":\"SEA Solu\\u00e7\\u00f5es\",\"description\":\"Servi\\u00e7os de Higiene, seguran\\u00e7a e sa\\u00fade no trabalho, Higiene e seguran\\u00e7a alimentar Haccp, Ambiente e Licenciamentos Industriais e Operadores de Gest\\u00e3o de Res\\u00edduos. Forma\\u00e7\\u00e3o e medi\\u00e7\\u00f5es. Psicologia no trabalho. Seguran\\u00e7a contra inc\\u00eandios. \\u00c1guas Santas - Maia - Porto\",\"potentialAction\":[{\"@type\":\"SearchAction\",\"target\":\"https:\/\/sea-solucoes.com\/site\/?s={search_term_string}\",\"query-input\":\"required name=search_term_string\"}],\"inLanguage\":\"pt-PT\"},{\"@type\":\"WebPage\",\"@id\":\"https:\/\/sea-solucoes.com\/site\/orcamento-online\/#webpage\",\"url\":\"https:\/\/sea-solucoes.com\/site\/orcamento-online\/\",\"name\":\"Pe\\u00e7a o seu or\\u00e7amento gratuito - Ades\\u00e3o ONLINE - SEA Solu\\u00e7\\u00f5es\",\"isPartOf\":{\"@id\":\"https:\/\/sea-solucoes.com\/site\/#website\"},\"datePublished\":\"2016-07-26T14:57:58+00:00\",\"dateModified\":\"2021-10-18T17:13:41+00:00\",\"inLanguage\":\"pt-PT\",\"potentialAction\":[{\"@type\":\"ReadAction\",\"target\":[\"https:\/\/sea-solucoes.com\/site\/orcamento-online\/\"]}]}]}<\/script>\n<!-- \/ Yoast SEO plugin. -->","_links":{"self":[{"href":"https:\/\/sea-solucoes.com\/site\/wp-json\/wp\/v2\/pages\/2741"}],"collection":[{"href":"https:\/\/sea-solucoes.com\/site\/wp-json\/wp\/v2\/pages"}],"about":[{"href":"https:\/\/sea-solucoes.com\/site\/wp-json\/wp\/v2\/types\/page"}],"author":[{"embeddable":true,"href":"https:\/\/sea-solucoes.com\/site\/wp-json\/wp\/v2\/users\/1"}],"replies":[{"embeddable":true,"href":"https:\/\/sea-solucoes.com\/site\/wp-json\/wp\/v2\/comments?post=2741"}],"version-history":[{"count":6,"href":"https:\/\/sea-solucoes.com\/site\/wp-json\/wp\/v2\/pages\/2741\/revisions"}],"predecessor-version":[{"id":3918,"href":"https:\/\/sea-solucoes.com\/site\/wp-json\/wp\/v2\/pages\/2741\/revisions\/3918"}],"wp:attachment":[{"href":"https:\/\/sea-solucoes.com\/site\/wp-json\/wp\/v2\/media?parent=2741"}],"curies":[{"name":"wp","href":"https:\/\/api.w.org\/{rel}","templated":true}]}}